onvert -24743 (base 9) to base 10.
-16644
-1100100011011001 (base 2) to base 6
-1034013
31003 (base 4) to base 6
3511
What is 4808 (base 13) in base 7?
41405
-12647 (base 9) to base 7
-33631
What is 8948 (base 14) in base 7?
126221
17553 (base 8) to base 2
1111101101011
-159 (base 14) to base 10
-275
What is 11110100010 (base 2) in base 8?
3642
-344010 (base 5) to base 3
-121222112
Convert -2317 (base 12) to base 4.
-331003
-17a0 (base 11) to base 5
-33123
Convert 1142323 (base 5) to base 9.
32546
What is -1677 (base 8) in base 2?
-1110111111
Convert -210 (base 6) to base 13.
-60
What is -11000100100 (base 2) in base 10?
-1572
-2428 (base 10) to base 9
-3287
What is -15360 (base 7) in base 11?
-3264
Convert 41443 (base 6) to base 8.
12703
Convert 200 (base 16) to base 2.
1000000000
Convert -100011111 (base 2) to base 3.
-101122
What is 1857 (base 9) in base 2?
10110010101
Convert -171 (base 8) to base 5.
-441
Convert -511 (base 7) to base 8.
-375
-55300 (base 6) to base 7
-31233
What is -540 (base 6) in base 12?
-150
2155 (base 6) to base 2
111110111
-100110011010111 (base 2) to base 5
-1112141
Convert -1100121211 (base 3) to base 16.
-684a
5044 (base 12) to base 10
8692
-10223 (base 5) to base 2
-1010110000
Convert -3144 (base 6) to base 16.
-2c8
What is -3057 (base 10) in base 16?
-bf1
Convert -53056 (base 8) to base 14.
-807c
Convert 11101111 (base 3) to base 9.
4344
-3043 (base 5) to base 14
-206
14a3b (base 13) to base 8
114261
-e041 (base 16) to base 2
-1110000001000001
Convert -539 (base 14) to base 10.
-1031
-3623 (base 8) to base 15
-894
Convert 110110000101 (base 2) to base 13.
1763
-1533 (base 7) to base 13
-381
What is 2737 (base 9) in base 3?
2211021
-44dd (base 16) to base 13
-8041
-c12 (base 16) to base 5
-44330
Convert -220110001 (base 3) to base 14.
-66cd
9b (base 14) to base 12
b5
-22112 (base 3) to base 2
-11100110
What is -5464 (base 10) in base 14?
-1dc4
What is 68b (base 14) in base 16?
513
What is -20536 (base 13) in base 15?
-122c7
3a3d (base 16) to base 11
10224
579 (base 10) to base 9
713
-174 (base 9) to base 6
-404
Convert 34877 (base 9) to base 4.
11230111
50215 (base 6) to base 16
19a3
-2558 (base 10) to base 12
-1592
Convert 194 (base 13) to base 14.
16a
110101110110100 (base 2) to base 14
a096
What is 154132 (base 6) in base 11?
10447
131312 (base 5) to base 11
3a04
11453 (base 6) to base 3
2022120
What is 12122202 (base 3) in base 13?
1b53
-21314 (base 7) to base 10
-5303
6679 (base 15) to base 14
7cb0
19aa (base 13) to base 12
2296
What is 3d8 (base 15) in base 9?
1175
-3763 (base 13) to base 3
-101202221
Convert -a3e (base 15) to base 6.
-14405
What is 101100100111000 (base 2) in base 15?
6b7a
2755 (base 10) to base 4
223003
Convert 176 (base 8) to base 12.
a6
What is -23522 (base 7) in base 6?
-44112
What is 1350 (base 8) in base 7?
2112
What is -100011100 (base 2) in base 15?
-13e
Convert -1356 (base 16) to base 3.
-20210100
4433 (base 5) to base 2
1001101010
Convert 5305 (base 10) to base 3.
21021111
What is -104a4 (base 13) in base 8?
-71273
-2100102 (base 3) to base 12
-ba8
What is 111360 (base 8) in base 12?
19928
-414 (base 8) to base 11
-224
What is -2102110 (base 3) in base 9?
-2373
What is -10110102 (base 3) in base 8?
-4732
What is -3142 (base 8) in base 12?
-b42
Convert -4e3 (base 15) to base 4.
-101121
-122202 (base 3) to base 4
-13133
-3656 (base 7) to base 6
-10152
What is -1b5 (base 14) in base 15?
-18a
-3310 (base 6) to base 2
-1011111010
What is -100010001 (base 2) in base 7?
-540
2122103 (base 4) to base 3
111112202
Convert 4421 (base 5) to base 2.
1001100011
What is -33320 (base 4) in base 3?
-1101122
355 (base 7) to base 4
2323
Convert 136036 (base 7) to base 2.
110010111101111
-2002212 (base 3) to base 4
-113333
Convert -17732 (base 8) to base 7.
-32526
-2380 (base 12) to base 14
-1648
Convert 5404 (base 6) to base 14.
63a
Convert 4010 (base 5) to base 9.
621
Convert 46037 (base 8) to base 3.
222201202
-1811 (base 9) to base 13
-829
Convert -251 (base 12) to base 8.
-535
What is -1270 (base 10) in base 15?
-59a
111011000 (base 2) to base 9
574
Convert 11101101000001 (base 2) to base 14.
5757
Convert 4434100 (base 5) to base 4.
102321120
Convert 922 (base 16) to base 12.
142a
Convert -1556a (base 12) to base 11.
-20745
What is -1130032 (base 4) in base 15?
-1b37
What is d92 (base 14) in base 8?
5164
What is -10202010 (base 4) in base 7?
-105060
What is 105 (base 15) in base 16?
e6
Convert -677 (base 16) to base 14.
-863
-122021 (base 4) to base 15
-768
What is 5ac7 (base 13) in base 8?
31046
What is 31493 (base 10) in base 14?
b697
Convert 350040 (base 6) to base 9.
44826
Convert 1064 (base 11) to base 4.
111321
-101110111 (base 2) to base 12
-273
-30e0 (base 16) to base 6
-133532
Convert 35492 (base 10) to base 4.
20222210
Convert -54 (base 8) to base 12.
-38
Convert -5638 (base 16) to base 3.
-1010021111
-21000212 (base 3) to base 5
-131001
What is -394 (base 15) in base 13?
-4a8
-452 (base 7) to base 11
-1a2
-1030 (base 6) to base 10
-234
Convert -11350 (base 9) to base 3.
-101101200
Convert -10101111100011 (base 2) to base 13.
-5163
What is b68 (base 15) in base 10?
2573
20211202 (base 3) to base 5
124423
Convert 1011000001 (base 2) to base 14.
385
-20331 (base 4) to base 6
-2353
What is -343100 (base 6) in base 7?
-151056
What is 139 (base 15) in base 6?
1143
What is -80542 (base 9) in base 3?
-2200121102
What is -1012211 (base 3) in base 5?
-12021
-d39 (base 15) to base 14
-112b
What is -8c1d (base 15) in base 3?
-1111210001
What is 2200021 (base 3) in base 6?
13011
Convert -18baa (base 13) to base 5.
-3020021
What is 3652 (base 9) in base 8?
5240
57a (base 13) to base 4
32302
Convert -1424 (base 6) to base 13.
-22c
344 (base 13) to base 11
472
Convert 110022211 (base 3) to base 16.
231a
Convert 466 (base 10) to base 6.
2054
-15674 (base 12) to base 10
-30328
Convert -12165 (base 8) to base 9.
-7158
2ca (base 15) to base 3
212201
747 (base 9) to base 15
2aa
What is 25b (base 13) in base 4?
12132
59ed (base 16) to base 13
a62b
Convert -1532 (base 7) to base 10.
-611
Convert 39c (base 16) to base 12.
650
-100303 (base 5) to base 6
-22455
Convert -1000011110 (base 2) to base 13.
-329
What is -1ab (base 13) in base 3?
-102111
Convert 177 (base 10) to base 15.
bc
What is -2037 (base 8) in base 10?
-1055
Convert 4793 (base 11) to base 15.
1cd3
-36e8 (base 15) to base 16
-2dad
What is 3302412 (base 5) in base 6?
1114023
What is 18e9 (base 16) in base 3?
22202012
-bb24 (base 12) to base 3
-1001021201
What is -51 (base 8) in base 7?
-56
-221000 (base 3) to base 16
-2a3
Convert 3991 (base 10) to base 7.
14431
What is -83bb (base 16) in base 13?
-12471
What is 152 (base 9) in base 4?
2000
Convert -2a12 (base 14) to base 2.
-1110100101000
-67251 (base 8) to base 14
-a477
44b (base 16) to base 10
1099
Convert 10018 (base 10) to base 6.
114214
2103033 (base 4) to base 16
24cf
Convert -102332 (base 4) to base 12.
-852
What is -337 (base 16) in base 12?
-587
3fa (base 16) to base 4
33322
59256 (base 11) to base 5
10213422
Convert -402 (base 5) to base 15.
-6c
-1221 (base 8) to base 2
-1010010001
100000011 (base 4) to base 8
200005
-14146 (base 7) to base 2
-111100010000
Convert -2261 (base 15) to base 10.
-7291
What is -105314 (base 7) in base 13?
-866c
1110000100110110 (base 2) to base 13
2031c
Convert -11ccb (base 16) to base 5.
-4313112
Convert 25c1 (base 16) to base 3.
111020222
Convert 62a (base 13) to base 12.
736
-9a0a (base 11) to base 5
-410244
Convert -24d (base 15) to base 13.
-313
-102323 (base 4) to base 8
-2273
-4033031 (base 5) to base 3
-10021211202
Convert -4608 (base 16) to base 8.
-43010
What is -3545 (base 6) in base 13?
-50c
Convert -3240011 (base 5) to base 15.
-1173b
Convert 6732 (base 14) to base 16.
45d8
Convert 1013003 (base 4) to base 15.
1532
Convert -1201 (base 12) to base 5.
-31032
-30331 (base 7) to base 5
-213442
What is -79 (base 10) in base 11?
-72
What is -9ba4 (base 12) in base 2?
-100001101101100
-6a3 (base 14) to base 16
-527
What is 46a0 (base 12) in base 9?
11743
3505 (base 6) to base 11
698
Convert a588 (base 11) to base 4.
3122323
What is 1ac54 (base 15) in base 4?
111101302
What is -1424 (base 6) in base 5?
-3001
Convert 3413 (base 6) to base 16.
321
